osite?
False
Is 5774 prime?
False
Is 320709 a composite number?
True
Is 37127 prime?
False
Is 136103 a prime number?
False
Is 764409 a prime number?
False
Is 155947 prime?
False
Is 16871 composite?
False
Is 62333 a composite number?
True
Is 508901 a prime number?
True
Is 5482 a prime number?
False
Is 2558 a composite number?
True
Is 565293 prime?
False
Is 1857 prime?
False
Is 323735 a prime number?
False
Is 9023 composite?
True
Is 203531 a composite number?
False
Is 485 a prime number?
False
Is 66227 composite?
True
Is 50878 prime?
False
Is 477941 composite?
False
Is 10063 a prime number?
False
Is 1259 a prime number?
True
Is 55469 composite?
False
Is 23846 a prime number?
False
Is 7054 prime?
False
Is 11435 composite?
True
Is 11383 a composite number?
False
Is 910691 composite?
False
Is 83537 a composite number?
False
Is 48611 prime?
True
Is 223 composite?
False
Is 11401 composite?
True
Is 1331663 a composite number?
False
Is 9917 a composite number?
True
Is 32709 composite?
True
Is 73999 prime?
True
Is 302383 prime?
False
Is 20047 a prime number?
True
Is 156583 a composite number?
True
Is 1511 a prime number?
True
Is 21557 composite?
False
Is 44519 a prime number?
True
Is 300199 prime?
False
Is 7233 a composite number?
True
Is 154553 a composite number?
True
Is 47221 prime?
True
Is 157721 a prime number?
True
Is 10487 prime?
True
Is 698069 composite?
True
Is 328007 a composite number?
False
Is 318235 a composite number?
True
Is 42991 prime?
False
Is 489 a composite number?
True
Is 30293 prime?
True
Is 36151 prime?
True
Is 1587389 a prime number?
True
Is 27301 prime?
False
Is 821 a prime number?
True
Is 6993301 a composite number?
True
Is 953903 composite?
True
Is 96443 prime?
True
Is 14695 composite?
True
Is 163109 a prime number?
True
Is 33339 a prime number?
False
Is 2161 composite?
False
Is 8321 a composite number?
True
Is 34042 prime?
False
Is 181891 prime?
True
Is 1368283 composite?
True
Is 1847 prime?
True
Is 64451 prime?
True
Is 4141 a composite number?
True
Is 2149 composite?
True
Is 29039 prime?
False
Is 271037 a composite number?
True
Is 93281 a prime number?
True
Is 2459 prime?
True
Is 44947 prime?
False
Is 48091 prime?
True
Is 17471 a prime number?
True
Is 10079 a prime number?
True
Is 221127 a prime number?
False
Is 89153 a composite number?
False
Is 1133337 prime?
False
Is 238327 composite?
True
Is 12847 a prime number?
False
Is 1921 a prime number?
False
Is 50273 a prime number?
True
Is 70783 a composite number?
False
Is 37273 a prime number?
True
Is 19373 a prime number?
True
Is 73105 a composite number?
True
Is 12187 composite?
True
Is 1759 prime?
True
Is 4772137 prime?
True
Is 256643 composite?
False
Is 38177 prime?
True
Is 978281 composite?
True
Is 5039 a composite number?
False
Is 66637 composite?
True
Is 6353 a composite number?
False
Is 70963 a composite number?
True
Is 537109 composite?
True
Is 846647 a prime number?
True
Is 197107 composite?
True
Is 1187507 composite?
False
Is 170197 composite?
False
Is 74729 a prime number?
True
Is 173177 a prime number?
True
Is 205969 a composite number?
True
Is 204487 a prime number?
True
Is 1086329 a composite number?
True
Is 2303377 prime?
True
Is 501419 composite?
False
Is 2323 composite?
True
Is 39713 composite?
True
Is 1107589 a composite number?
True
Is 62401 a composite number?
False
Is 2459 composite?
False
Is 43939 prime?
False
Is 63043 composite?
True
Is 1461 a composite number?
True
Is 6701 prime?
True
Is 2231861 composite?
False
Is 21661 composite?
False
Is 64811 a prime number?
True
Is 120011 a prime number?
True
Is 294347 prime?
True
Is 160729 a composite number?
True
Is 44819 a composite number?
False
Is 29599 prime?
True
Is 202427 composite?
True
Is 70427 composite?
True
Is 11917 a prime number?
False
Is 728263 prime?
False
Is 32411 a prime number?
True
Is 179297 composite?
True
Is 2483 composite?
True
Is 78159 a composite number?
True
Is 2995 a composite number?
True
Is 27847 prime?
True
Is 246073 a prime number?
True
Is 711793 composite?
False
Is 2364815 composite?
True
Is 12197 a prime number?
True
Is 5245 a prime number?
False
Is 1219 a composite number?
True
Is 31531 prime?
True
Is 2423 prime?
True
Is 63177 a prime number?
False
Is 457927 a prime number?
False
Is 31469 a prime number?
True
Is 17701 a prime number?
False
Is 9967 composite?
False
Is 18191 composite?
False
Is 280121 prime?
True
Is 540049 composite?
True
Is 314579 a composite number?
True
Is 327995 composite?
True
Is 414131 a prime number?
True
Is 12517 prime?
True
Is 12895 a prime number?
False
Is 2179 prime?
True
Is 23419 a composite number?
True
Is 9859 a prime number?
True
Is 5077 prime?
True
Is 23601 a composite number?
True
Is 538283 a prime number?
True
Is 131993 a composite number?
True
Is 42641 prime?
True
Is 847131 a prime number?
False
Is 153169 a prime number?
False
Is 208127 prime?
False
Is 3389 a prime number?
True
Is 37847 a prime number?
True
Is 15013 prime?
True
Is 60506 a prime number?
False
Is 9239 prime?
True
Is 3073 composite?
True
Is 1391 a composite number?
True
Is 5569 prime?
True
Is 363541 composite?
False
Is 68813 a composite number?
False
Is 36031 a composite number?
True
Is 1094 a prime number?
False
Is 4621 a composite number?
False
Is 8269 a composite number?
False
Is 90409 a composite number?
True
Is 4835 a composite number?
True
Is 190117 prime?
False
Is 38953 a composite number?
False
Is 206902 a prime number?
False
Is 69353 a prime number?
False
Is 107563 composite?
False
Is 15397 prime?
False
Is 122891 a prime number?
True
Is 18427 prime?
True
Is 202819 prime?
False
Is 23395 a composite number?
True
Is 537245 a prime number?
False
Is 591391 a composite number?
False
Is 2326 prime?
False
Is 807629 prime?
True
Is 38939 a composite number?
True
Is 5623 a prime number?
True
Is 112831 composite?
False
Is 365429 a composite number?
True
Is 7609 composite?
True
Is 51665 a composite number?
True
Is 44803 composite?
True
Is 4955 composite?
True
Is 19883 prime?
False
Is 71249 a composite number?
False
Is 923 composite?
True
Is 2925353 a composite number?
False
Is 285137 a composite number?
True
Is 2857 a composite number?
False
Is 37577 composite?
True
Is 262781 prime?
True
Is 415 a prime number?
False
Is 17159 a prime number?
True
Is 16781 composite?
True
Is 47839 a composite number?
True
Is 613141 prime?
True
Is 80849 prime?
True
Is 1716961 a prime number?
False
Is 356023 a prime number?
True
Is 11159 prime?
True
Is 287327 a composite number?
False
Is 278711 prime?
False
Is 2215 composite?
True
Is 433757 composite?
True
Is 303874 composite?
True
Is 604661 a composite number?
False
Is 86281 prime?
False
Is 30359 a prime number?
False
Is 1753 composite?
False
Is 28133 composite?
True
Is 181 prime?
True
Is 11597 a prime number?
True
Is 21991 a composite number?
False
Is 8887 a composite number?
False
Is 142673 composite?
False
Is 15503 prime?
False
Is 14227 composite?
True
Is 101359 prime?
True
Is 1151 a composite number?
False
Is 11987 a composite number?
False
Is 17543 composite?
True
Is 1689 a prime number?
False
Is 143123 a composite number?
True
Is 28115 a prime number?
False
Is 412611 composite?
True
Is 7411 composite?
False
Is 1184335 composite?
True
Is 1543 a prime number?
True
Is 41765 a composite number?
True
Is 12955 prime?
False
Is 165245 a composite number?
True
Is 364147 a prime number?
False
Is 121229 a prime number?
True
Is 2411 prime?
True
Is 3989 composite?
False
Is 17011 a prime number?
True
Is 1427353 a composite number?
True
Is 145342 a prime number?
False
Is 671831 prime?
True
Is 3351 prime?
False
Is 410617 a composite number?
False
Is 1608107 a prime number?
True
Is 16909 a composite number?
True
Is 24403 a prime number?
False
Is 82261 a prime number?
True
Is 191663 prime?
False
Is 45001 composite?
True
Is 397459 a prime number?
True
Is 34793 prime?
False
Is 7121 a prime number?
True
Is 1595459 composite?
True
Is 13738 a prime number?
False
Is 197233 a prime number?
True
Is 42917 prime?
False
Is 262583 a composite number?
False
Is 12373 a prime number?
True
Is 4209167 composite?
False
Is 3639 a prime number?
False
Is 1347 a prime number?
False
Is 2609 composite?
False
Is 16943 a prime number?
True
Is 1991 a composite number?
True
Is 15513 composit